y b?
12
Suppose 4*i = 11*i - 14. Suppose 22*f - 5232 = -i*f. Calculate the remainder when f is divided by 73.
72
Let n(j) be the third derivative of j**4/12 + 18*j**3 + 154*j**2. Let z(p) = p - 6. Let d be z(6). What is the remainder when n(d) is divided by 22?
20
Suppose 124*h = 4003 + 2610 - 2149. Suppose -1398 = -3*x - 327. What is the remainder when x is divided by h?
33
Suppose -12*x - 10842 = -25*x. Suppose 3*k = -2*u + x, -74*u = -73*u + 5*k - 417. What is the remainder when u is divided by 19?
18
Let r = 64 + 109. What is the remainder when r is divided by (4 - -34) + (-12)/(7/(56/(-16)))?
41
Let z(d) be the third derivative of 7*d**4/12 + 11*d**3/6 - 8*d**2 + 12*d. Calculate the remainder when z(2) is divided by 3.
0
Let m(g) = -g**2 + 12*g - 2. Let n be 127/(-2) + -12*(-7)/168. What is the remainder when m(7) is divided by (n/35)/(-9) + (-24)/(-5)?
3
Suppose 23*t = -2*x + 16*t + 584, -3*x + 853 = -t. Calculate the remainder when x is divided by 124.
37
Let y(h) = 7*h**3 + 15*h**2 - 25*h - 46. What is the remainder when y(9) is divided by 16?
15
Let z(d) = d**3 - 84*d**2 + 319*d + 195. What is the remainder when 1151 is divided by z(80)?
1
Let g be 5 + 12/(-30)*-5 + -5. What is the remainder when 7942/190 - g/(-10) is divided by 11?
9
Let x(u) = 3139*u + 9453. What is the remainder when 4003 is divided by x(-3)?
7
Suppose 2*j = 10, 4*k - 2*j + 1411 = 7*k. Suppose -9*w + k = -100. Suppose 3*y - 46 = f, -71 = -3*y - 2*f - 19. Calculate the remainder when w is divided by y.
15
Let m(s) = 3 + 2*s**2 - 6 - 13*s + 1. Let n be m(9). Suppose 3*p = 2 + n. What is the remainder when p is divided by 10?
5
Let x(g) = -27*g + 164. Let p be x(6). Suppose -7*l + 122 = p*t - 2*l, 0 = 3*l. Calculate the remainder when t is divided by 57.
4
Let y = -31060 + 31161. Calculate the remainder when 1394 is divided by y.
81
Let f(d) = 7*d**3 + 3*d**2 - 3*d + 2. Let y be f(4). Suppose -59*b - n = -63*b + y, 0 = -2*b + 3*n + 248. What is the remainder when b is divided by 63?
58
Let t(m) = -2*m + 31. Let p(v) = -3*v - 9. Let d be p(-5). What is the remainder when 37 is divided by t(d)?
18
Let w(h) = -4*h**2 + 7*h - 37. Let v(m) = -m**2. Let a(l) = 2*v(l) - w(l). Calculate the remainder when a(12) is divided by 61.
58
Let o = -214 + 223. Suppose -c + 163 = -8*m + o*m, 4*c = 8. What is the remainder when 493 is divided by m?
10
Suppose -396 = -28*i + 35265 + 24259. Calculate the remainder when i is divided by 27.
7
Let w(x) = -x**3 - 7*x**2 + 36*x + 92. Suppose 2*p = -4*o + 504, 3*o + 4*p - 388 = -0*o. Calculate the remainder when o is divided by w(-10).
28
Suppose -7*u = -2*n - 2325 + 6432, 3*n - 6149 = -u. Calculate the remainder when n is divided by 17.
10
Calculate the remainder when 808 is divided by 5523/126 + 4 + 92/(-24).
16
Suppose y - g = 2*y - 2849, -2*y = -2*g - 5722. What is the remainder when y is divided by 204?
203
Let q(u) = 3*u + 1. Suppose -5*v = -3*i - 42, i - 10 = -1317*v + 1316*v. What is the remainder when q(4) is divided by v?
4
Let g(i) = -6*i**2 - 320*i + 5253. Calculate the remainder when g(13) is divided by (2 - -2)*29/4.
21
Suppose 3*b + 3*k - 252 = 0, 5*b - 205 = -k + 219. What is the remainder when b is divided by ((-88)/(-286))/(10/325)?
5
Suppose 6*b - 10*b = 3*k - 31, 4*b + 4*k - 28 = 0. Calculate the remainder when (-156)/3*((-3)/2 - 0) is divided by b.
8
What is the remainder when (0 - 1) + 33 - (9/(-3) + 2) is divided by 19?
14
Calculate the remainder when ((-31178)/(-7))/(4 + 5 + -7) is divided by 23.
19
Let n be (-78)/9*1*(-6)/4. Suppose n*p - 1267 = -409. What is the remainder when p is divided by 21?
3
Suppose 2*n - 1534 = -5*b, 3*n - 2476 + 154 = 3*b. Let s = n - 549. What is the remainder when s is divided by 23?
16
Let h be -3*10*3/18. Let d(l) = 31*l - 7*l - 28 - 51*l. Calculate the remainder when d(h) is divided by 5.
2
What is the remainder when 281 is divided by (-1 + (-1064)/(-20))/((-123)/(-410))?
107
Suppose 22*g - 15 = 29. What is the remainder when (234/15)/(g + 343/(-175)) is divided by 17?
16
Suppose 33*o - 3020 = -248. What is the remainder when o is divided by 41?
2
Suppose 12*s - 118 = 314 + 156. Calculate the remainder when 1906 is divided by s.
44
Let g(s) = 9*s**3 - 3*s**2 + s + 2. Suppose -r + n = -1, -r + 5*n = -0*r + 3. Let k = 460 + -437. Calculate the remainder when g(r) is divided by k.
18
What is the remainder when 1302 is divided by 3/(-1 - -19)*18*(18 - 8)?
12
Let a = -300 + 379. Suppose 0 = -3*c - 5*v + 35, 0 = 3*c + 2*c - 2*v - a. Suppose -22 + 256 = 2*k. Calculate the remainder when k is divided by c.
12
Suppose -2*f + f - 2 = 0. Let j = -35 - -27. Calculate the remainder when 92 is divided by 518/21 - (j/(-3) + f).
20
Suppose 4*i + 5 + 47 = 4*n, 3*n + 1 = -5*i. What is the remainder when 5933 is divided by n?
5
Let g be (0 + 5)/((260/(-24))/(-13)). Suppose 238 = 4*f + g. Calculate the remainder when 171 is divided by f.
55
Let g(c) = c**3 + 8*c**2 - c. Let a(v) = 2*v**3 - v - 2. Let m be a(-2). Let b be -2 + (-4)/(-2) + (m - -8). What is the remainder when 12 is divided by g(b)?
4
Suppose 1575 = 1924*y - 1919*y. What is the remainder when 393 is divided by y?
78
Suppose 285*n + 140 = 299*n. Let f be 1/(-3) + (-1590)/(-18). Suppose 2*g - 4*g = -f. Calculate the remainder when g is divided by n.
4
Suppose q = -f + 486, -f - 1555*q + 1558*q + 518 = 0. What is the remainder when f is divided by 489?
5
Let s = -501 - -959. Let k = -76 + s. Calculate the remainder when k is divided by 32.
30
Let o be (4/12)/((-4)/(-24)). Suppose -7*k - 75 = -12. Calculate the remainder when 47 is divided by -1*o/(-1) - (-32 - k).
22
Let n(h) = -1402*h - 4103. What is the remainder when 610 is divided by n(-3)?
95
Let o(q) = -20*q**2 + 2*q + 2. Let l(m) = m**2 - m - 1. Let v(a) = -l(a) - o(a). Suppose 0 = -9*d + 9 - 18. What is the remainder when 67 is divided by v(d)?
10
Let l(w) = w**2 - 33*w - 25. Let s be l(34). Let a = 117 - s. What is the remainder when a is divided by 24?
12
Suppose 23*k - 2479 - 4076 = 0. What is the remainder when 1417 is divided by k?
277
Let r = 3199 - 2755. Calculate the remainder when r is divided by 2/((-20)/5)*-2*14.
10
Suppose 85*k - 243132 = 19*k - 75690. What is the remainder when k is divided by 127?
124
Suppose 3*i + i = 5*x - 4, -2*x = 2*i - 16. What is the remainder when 42/18*(1 + 2) is divided by x?
3
Suppose -31*d - 591 + 95 = 0. What is the remainder when (116/d + -6)*(-2 - 10) is divided by 23?
21
Let y = -1875 + 2521. Calculate the remainder when y is divided by 13.
9
Suppose 5*y - 946 = 254. Let v = y + -211. Calculate the remainder when 74 is divided by v.
16
Let w = -45832 + 45837. Calculate the remainder when 7003 is divided by w.
3
Suppose 3*u - 30 = 2*q - 0*u, 2*u - 26 = 2*q. Let l = q + 13. Calculate the remainder when 7/(42/l)*33 is divided by 12.
10
Let w(q) = -12*q + 20. Let a be w(5). Let m = a - -61. Calculate the remainder when 30 is divided by m.
9
Suppose -2078*m - 2 = -2079*m. Calculate the remainder when 701 is divided by m.
1
Let y = -1640 - -1647. What is the remainder when 24 is divided by y?
3
Let i be 15*((-3)/(-9) - 0). Suppose -m + 3*u = m + 10, -4*u = m + i. Calculate the remainder when 14 is divided by m/(-1) + (-1 - (3 + -2)).
2
Suppose -176*r = -274*r + 10682. What is the remainder when r is divided by 7?
4
Let o be (-2 + 1)/(4/16). Calculate the remainder when (-1 + 238/(-6))/(o/6) is divided by ((-1 - 0)/(-3))/((-2)/(-126)).
19
Suppose 3*u - v = 102 + 204, -2*u + 4*v + 204 = 0. Suppose -34*z + u = -28*z. What is the remainder when 322 is divided by z?
16
Suppose -257*q + 256*q + 3*p = -236, -3*q - 5*p + 722 = 0. Calculate the remainder when 246 is divided by q.
7
Let v = 21539 - 13810. What is the remainder when v is divided by 221?
215
Let p be (-5672)/(-26) - 4/26. Let d = 223 - p. Let l(s) = 6*s**2 - 4*s + 2. Calculate the remainder when l(2) is divided by d.
3
Let r(a) = -a + 5. Let d(k) = -26*k**2 - 1091*k + 151. What is the remainder when d(-42) is divided by r(-6)?
10
Calculate the remainder when (197/(-23))/((-862)/19826) is divided by 119.
78
Let j(w) = -w**2 + 244*w - 2478. Calculate the remainder when 353 is divided by j(11).
13
Let i be -37 + 5 - (1 + -3). Calculate the remainder when (i/(-25))/(-3 + (-1311)/(-435)) is divi